. Let n = 146 + l. What is the tens digit of n?
2
Suppose -5*d = 12 + 3, -4*m + 3633 = -3*d. Let t = m + -550. What is the tens digit of (t/6)/(4/6) - 1?
8
Let m = 166746 - 89800. What is the units digit of m?
6
Suppose 15*c - 2577 - 109713 = 0. What is the hundreds digit of c?
4
Let s = -44850 - -85153. What is the units digit of s?
3
Let u(l) be the second derivative of l**5/20 + l**4/2 + l**3/3 - 3*l**2 + 2*l + 60. What is the units digit of u(-3)?
5
Suppose 21*g + 0*g - 143472 = -0*g. What is the units digit of g?
2
Suppose -3*v + u = -1155, v + 766 = 3*v - 2*u. Let b = v - 234. What is the tens digit of b + 0 + 4/(12/9)?
5
Let k = 32480 + -18068. What is the tens digit of k?
1
Suppose 0 = 2*d - 2*y - 37940, 5*d + 2114*y - 94880 = 2109*y. What is the tens digit of d?
7
Let n = 22023 + -9838. What is the tens digit of n?
8
Let h(m) = -m**3 - 7*m**2 - 11*m - 17. Let y be h(-6). Suppose -2288 = -y*b - 3*b. Let t = b + -83. What is the units digit of t?
0
Suppose -82*b + 78*b - 24 = 0. What is the tens digit of 6 + (5 + b - -488)?
9
Let o = -13845 - -46277. What is the units digit of o?
2
Suppose 165*u - 347452 = 154*u - 140707. What is the hundreds digit of u?
7
Suppose -5*z + 46 = -2*q - 125, 162 = 5*z + q. Suppose -2*s - 3*r - z = -0*r, -25 = -5*r. What is the tens digit of s/((-6*1)/3)?
1
Suppose 82948 + 80467 = 23*j. What is the units digit of j?
5
Suppose -5 = -5*q, -5*z - q = -2*q + 41. Let n(a) = -117*a - 38. Let t be n(z). Suppose 0*s + 2*h + t = 5*s, -4*h - 896 = -5*s. What is the tens digit of s?
8
Let r = -32 + 47. Suppose 44*f - 421 = -25. What is the units digit of (-5)/r - (-210)/f?
3
Suppose 5*g + 64526 = 28*p - 26*p, 3*g + 129024 = 4*p. What is the tens digit of p?
5
Let g(u) = -u**2 + 17*u - 23. Let y be g(13). Let p be 6/(-4) + (-530)/(-4). Let t = p - y. What is the units digit of t?
2
Let m(u) = 104*u + 4915. What is the hundreds digit of m(-29)?
8
Suppose -r + 1230 = -11*r. Let i = 418 + r. What is the units digit of i?
5
Let d be (-970)/(4 + 51/(-12)). Suppose 4*g = -6*g + d. What is the tens digit of g?
8
Suppose 4*i - 57100 = -5*r, r - 37417 = -4*i + 19667. What is the ten thousands digit of i?
1
Let r(c) = -5*c**3 - 2*c**2 + 3*c - 2. Let p be r(1). Let i = -48 - p. What is the tens digit of 2/3*-2*i?
5
What is the thousands digit of ((-34)/210 - 22/(-330)) + 441602/147?
3
Suppose -4803 = -n + 4*w + 2280, -4*w = 0. What is the hundreds digit of n?
0
What is the tens digit of ((-297)/9)/11 + 826?
2
Let t(k) = 2315*k - 12676. What is the ten thousands digit of t(14)?
1
What is the thousands digit of -1 - (-3834 + -6 + 8 - 1)?
3
Let w(j) = -13*j - 16. Let x = -36 - -23. Let k be w(x). Let p = 294 - k. What is the hundreds digit of p?
1
Let h = -85 + 88. Suppose -219 = -4*o + h*o. Suppose -4*y - 89 = -v, 4*v - y - o = 167. What is the tens digit of v?
9
Let q = 8354 - 4947. What is the hundreds digit of q?
4
Let j(r) = -r**3 - 9*r**2 + 7*r - 28. Let m be j(-10). What is the hundreds digit of 346/m + 6 + -3?
1
Let g(f) be the second derivative of f**4/6 - 7*f**3/3 - 53*f**2/2 + 40*f. What is the units digit of g(-15)?
7
What is the ten thousands digit of 8526/116*2/(-6)*(-1 + -2021)?
4
Suppose 42881*u = 42936*u - 2550405. What is the hundreds digit of u?
3
Let d be (-22)/99 + -2 + (-4)/(-18). What is the units digit of (-5 - d)*-8*19?
6
Let b(j) = -1484*j - 8103. What is the hundreds digit of b(-27)?
9
Let n be 7/(28/12) + -48. Let p be (324/15)/((-6)/n). Let l = p + -112. What is the tens digit of l?
5
Suppose 6*b - 4*j - 2428 = 4*b, -3*b = -3*j - 3627. Suppose l - o - b = 0, -5*l - 3*o + 4776 = -1220. What is the thousands digit of l?
1
Let v = 142643 + -90694. What is the units digit of v?
9
Let c = -8092 + 12932. What is the tens digit of c?
4
What is the thousands digit of 4607 - ((-16)/16 + -16)?
4
Let d(s) = 7*s**3 + 14*s**2 - 4*s - 13. Let y(o) = o**3 - 2*o + 1. Let m(t) = d(t) - 6*y(t). Let a = -5 + -8. What is the units digit of m(a)?
6
What is the units digit of -5 - -17 - (-11 + -3348)?
1
Let f = 14 + -9. Suppose -l = -f*l + 16. Suppose -l*d = -0*d - 408. What is the tens digit of d?
0
Let y = -48596 - -74727. What is the tens digit of y?
3
What is the ten thousands digit of (-120)/(-28)*(10906 + 17 + 4)?
4
Let p(n) = 5 + 29*n**2 - 9*n**2 - 842*n + 892*n + n**3. What is the tens digit of p(-15)?
8
Let q(l) = 9*l**3 + 2*l**2 - 11*l - 3. Suppose -7*j - 4*w + 24 = -3*j, 2*j - 8 = 2*w. What is the units digit of q(j)?
7
Let i = 25 + -33. Let n be 6/i*(-176)/12. Suppose f - 2*p = 0, f - 5*p + 4 = -n. What is the units digit of f?
0
Suppose -3*w - 3*o = -60327, -444*w + 4*o = -443*w - 20129. What is the units digit of w?
3
Let l = 68298 - 44678. What is the units digit of l?
0
What is the hundreds digit of (-7768)/(-7)*861/246?
8
Let o = 37 + -37. Suppose o = -v + 421 + 6. What is the units digit of v?
7
Let w = 8 - -16. Suppose 3*m - w = 2*m - 3*c, 4*m - 41 = -c. Let s(q) = 14*q + 10. What is the hundreds digit of s(m)?
1
Suppose 2 = -2*l - 2, 2*l + 1304 = -5*z. Let y = z - -461. What is the tens digit of y?
0
Let j(y) = -y**3 - 11*y**2 - 3*y - 25. Let f be j(-11). Suppose 90 = 2*r + 3*z + f, 4*r - z - 150 = 0. What is the units digit of r?
8
Let s(a) = 1 - 6*a**2 + 35*a - 17*a - 4*a**2 - 17*a + 13*a**2. Let v(i) = -i**3 - 4*i**2 - 4*i - 3. Let p be v(-2). What is the units digit of s(p)?
5
Let c(b) = 41994*b**3 - b**2 + 16*b - 13. What is the hundreds digit of c(1)?
9
Suppose 0 = -2916*h + 2918*h - 48. Suppose -h*a + 6*a = -19854. What is the hundreds digit of a?
1
Let k(i) = 133*i**2 - 1 - 129*i**2 - 2 + 3*i. Let m be k(3). Let d = 68 - m. What is the units digit of d?
6
Let j be -2 + (-2121)/2 + 75/(-50). Let c = -695 - j. What is the hundreds digit of c?
3
Let w = -20872 - -41166. What is the thousands digit of w?
0
Suppose 0 = 4*q - 3*q - 2. Let b(l) = -l**3 + 31*l**2 + 34*l - 62. Let c be b(32). Suppose 116 = 4*w + q*v, 4*w = 2*w + c*v + 52. What is the tens digit of w?
2
Suppose -4721 = -15*d + 108439. What is the units digit of d?
4
What is the units digit of 1140*(4 + (-30)/12)?
0
Suppose 6 = 4*l - 10. Suppose l*h - 5*s = -19, -h - 4 = -s + 1. What is the tens digit of ((h*(-26)/3)/2)/1?
2
Let f(u) = -u**2 + 2*u - 3. Let y be f(4). Let j be (14 - -15)*((0 - 3) + -1). Let h = y - j. What is the units digit of h?
5
Let z(n) = -5*n**3 + n + 14. Let o(j) = -14*j**3 + 4*j + 41. Let i(p) = 4*o(p) - 11*z(p). Let t be 21/14 - (-13)/(-2). What is the units digit of i(t)?
0
Suppose -22*b = -18*b - 22720. What is the thousands digit of b?
5
Let f be ((-206)/3 - -2)*-3. Let i = f - -281. What is the hundreds digit of i?
4
Let p = -120 - -209. Let w = 107 - p. Suppose j = -w + 79. What is the units digit of j?
1
What is the ten thousands digit of (590716/102 - (2 + 6))/(5/15)?
1
Let l(j) = j**3 - 8*j**2 + 15*j - 6. Let t be l(7). Suppose k = -3*k - 12, 0 = 4*a + 3*k - 7. Let i = a + t. What is the units digit of i?
4
What is the tens digit of 1 - 8*17552/(-32)?
8
Let o(q) = 2617*q**2 - 44*q + 202. What is the units digit of o(5)?
7
Suppose -5*k + 4*j = -j - 35, 0 = 2*j + 6. Suppose 0 = k*c + c + 4*p - 38, 2*c + 2*p = 14. What is the units digit of 4/c - (3918/(-30) - -2)?
9
Let j be ((-12)/(-8))/((12/(-8))/(-3)). Suppose 2*h - 1388 = -j*z, -3*z - 6*h + 1378 = -2*h. What is the hundreds digit of z?
4
Suppose -5*z - 5*t - 987 - 183 = 0, -5*z - 1184 = -2*t. Let d = 350 + z. What is the hundreds digit of d?
1
Suppose 0 = -v + 204*q - 199*q + 24365, -v = -4*q - 24364. What is the tens digit of v?
6
Suppose 16*j + 100 = -60. What is the hundreds digit of 3 + 2667/(-14)*j?
9
Let f(h) = 12*h + 5. Let a(k) = -k + 2. Let b be a(-5). Let u be f(b). Let p = -24 + u. What is the units digit of p?
5
Let a(z) = -4960*z - 603. What is the tens digit of a(-13)?
7
Suppose 3*q + 4*d + 21 = 3, 4*q = -4*d - 20. Let f(o) = -14*o**2 + o + 6. Let c be f(q). Let z = c + 60. What is the units digit of z?
8
Let k = 19013 + -3727. What is the tens digit of k?
8
Suppose 2*h = 4*h - 6. Let x(p) = 0*p**2 - 7*p + p + h + 2*p**2 - 20*p**3 + 9*p. What is the tens digit of x(-2)?
6
Let k be (21/(-9) + 2)*3. Let m be (-107)/(2 + k)*1. What is the hundreds digit of (-5 - -6)/(1 + 106/m)?
1
Let w = 8807 - 1637. What is the thousands digit of w?
7
Let o(